3/6. Let t be (-8)/o + 2922/10. Is 3/(-5) - t/(-20) a prime number?
False
Let q(b) = -70*b + 1. Let l = 2 + 4. Let v = 3 - l. Is q(v) a composite number?
False
Let q(z) = z**3 - z**2 - 7*z + 9. Is q(5) prime?
False
Let y be 64 + -2*(1 - 3). Is 5*-2*y/(-8) composite?
True
Suppose -6*n + 2789 = 827. Is n a prime number?
False
Let l be 0/(-4 + -1 + 3). Suppose -3*o + 0*o = l. Suppose 2*x = -o*x + 326. Is x a prime number?
True
Let c be 0*(1 - 2)/1. Suppose c = 4*o - 560 - 20. Is o a composite number?
True
Let r be (-10)/6 - (-4)/6. Let q be ((-12)/(-15))/(r/(-5)). Is (0 - q)*141/(-12) a prime number?
True
Suppose 3 = 5*i - 32. Let f(q) = -q + 10. Let h be f(6). Suppose -3*b - 7 = -l - 1, 0 = -l + h*b + i. Is l prime?
True
Suppose -2*p = 2*k, -24 = 5*p - 9. Suppose -j + 379 = k*d, -5*d + 631 = -0*d + 2*j. Is d prime?
True
Let x(t) = 2*t**3 - 2*t - 1. Let o be x(2). Suppose 64 + o = 5*q. Is q a prime number?
False
Suppose 3*c + 10 = c - 4*j, -3*j = 4*c + 5. Is (-290)/(0 - (3 - c)) a composite number?
True
Let b(w) = 158*w**3 + w. Let m = -5 - -6. Is b(m) prime?
False
Let m(l) = -2*l**3 + 2*l + 1263. Is m(0) prime?
False
Let q(y) = y**3 + 2*y**2 + 9059. Is q(0) a prime number?
True
Let x be ((-40)/6)/(6/(-531)). Suppose x = 3*o + 119. Is o a composite number?
False
Suppose 10*y - 5 = 5*y. Let z(t) = t**2 + t. Let b(l) = 3*l**2 - 8*l - 4. Let o(v) = y*b(v) - 2*z(v). Is o(11) prime?
True
Let q(f) = -f**3 + f + 1. Let n(g) = 2*g + 3. Let w be n(-4). Let t = w - -3. Is q(t) composite?
False
Let m(l) = l + 9. Let b be m(11). Is ((-118)/8)/((-5)/b) composite?
False
Suppose 2*g = -5*x - 8, -2*g + 0*x = -3*x - 8. Let s(z) = g - 2 - 3*z - z - 1. Is s(-6) a prime number?
False
Let d(u) = -u**2 + 7*u - 1. Let r be d(6). Let n(y) = 119*y**2 - y - 1. Let p be n(2). Suppose p + 272 = r*h. Is h a composite number?
False
Let y be 23/(3 + -2) + 2. Let d = 28 + y. Is d a composite number?
False
Let k = -8 - -5. Is (-18)/(-4)*(-158)/k a prime number?
False
Suppose 0 = l - 26 - 65. Is l composite?
True
Let v(c) = 6*c - 6. Let s be v(5). Suppose 0*f - s = -4*f. Is f prime?
False
Let p = -1 + 7. Let h be (-8)/(-6)*p/4. Is 4/(-2) + h + 23 a prime number?
True
Let z = 14 - 5. Suppose -4*t - 3*y - z = 0, 2*t - 6 = 4*y + 6. Suppose 0*k - 2*k - 2*h + 128 = t, -341 = -5*k + 2*h. Is k a composite number?
False
Suppose 12268 = 39*l - 35*l. Is l composite?
False
Suppose 0*w = 3*w - 6, 2*j + 3*w = 26. Suppose j = 5*l, -4*l - l = -3*c + 8. Let m(f) = 2*f - 5. Is m(c) composite?
False
Suppose 2*m + 3*u = 1866 + 2115, 5961 = 3*m + u. Suppose 2*k + m = 8*k. Is k prime?
True
Let r be (8/3)/(1/(-69)). Let w = 414 + r. Let n = w - 107. Is n composite?
True
Suppose 2*b - b = 677. Is b prime?
True
Let n(l) = l**2 - 11*l + 23. Is n(-12) prime?
False
Let n(y) = y**2 + 2*y - 3. Suppose -1 = -3*t + 5. Let b be n(t). Suppose b*x = 2*q - 2, -24 = -5*q - 0*x + 3*x. Is q composite?
True
Let s(h) = h**3 + 7*h**2 - 6*h - 6. Let p be s(-8). Is (-10)/(3 - (-70)/p) prime?
False
Let v(y) = 248*y - 10. Is v(4) composite?
True
Let z be 2/(-9) - (-75)/(-27). Let l be ((-2)/(-4))/(z/(-12)). Suppose 3*c - 153 = -4*v, -6 = -l*v - 0. Is c a prime number?
True
Suppose h + 4 = -h. Let g = -2 + -4. Is (-302)/g - h/3 a composite number?
True
Let v(k) = -2*k**3 + 5*k**2 - k - 6. Let b be v(-5). Suppose -2*n - b = -4*n. Is n composite?
True
Let m be -3 + (2 - 2 - -77). Let o = -48 + m. Is o prime?
False
Let s(q) be the third derivative of 3/20*q**5 + 2*q**2 + 1/4*q**4 + 0 + 1/2*q**3 + 0*q + 1/120*q**6. Is s(-8) composite?
False
Let n(w) = 91*w**3 - w**2 - 5*w - 4. Is n(3) prime?
False
Suppose 0*b = u - 3*b - 6, 0 = -2*u - b - 2. Let g(d) = u + 3*d + 5*d**2 - 1 + 0*d**2. Is g(-3) a composite number?
True
Suppose 2*z + 3*a - a = 3860, 5789 = 3*z + 4*a. Is z a prime number?
True
Suppose 4*u + 2*i - 10 = 0, -3*u - 2*i - 2*i = 5. Suppose 10 = u*r - 0*r, 4*r = -2*p + 22. Is p a prime number?
True
Suppose 14*f + 41345 = 19*f. Is f composite?
False
Suppose -5*z + 5 = 3*y - 1, 4*y + 3*z - 8 = 0. Suppose 0 = 7*t - y*t - 425. Is t a composite number?
True
Let d = 157 - -306. Is d prime?
True
Let f be (27/6)/(9/(-12)). Let t be 3/1*(-332)/f. Suppose 2*k + t = 4*k. Is k prime?
True
Let c = 262 + -113. Is c prime?
True
Let y = 0 + 2. Let j(x) = 37*x**3 + 1. Let b be j(y). Let n = b - 184. Is n a prime number?
True
Suppose 4*b + f - 6*f - 132 = 0, 5*f - 64 = -3*b. Suppose 4*n = 3*c + 11, c + 8*n - b = 3*n. Suppose -5*l + 1020 = -5*u, -c*l = 2*u - 687 + 50. Is l prime?
False
Let a be 0 - (55/(-1) - -2). Let i = a + -16. Is i composite?
False
Let s(o) = -3*o**2 - o - 1. Let r be s(-4). Is (210/r)/(4/(-834)) a composite number?
True
Suppose -5*o + 75 = -p, p + 4*p - 30 = -2*o. Is o prime?
False
Let m(c) be the first derivative of 27*c**2 - 5*c + 7. Is m(3) a prime number?
True
Suppose -2*g + 495 = -2*c + 7*c, 4*c + 2*g = 398. Is c a composite number?
False
Suppose m - 2*m - 4 = 0. Let t(g) = 7*g**2 + 6*g + 1. Is t(m) a prime number?
True
Suppose -b = -0*b + 4*p - 109, 5*b - 561 = -4*p. Is b a composite number?
False
Let u = 595 - 96. Is u composite?
False
Let w be 68/18 + 4/18. Suppose -2*c + 192 = 2*m, -3*c + 3*m - 98 = -w*c. Let q = 180 - c. Is q composite?
True
Let d = 1 - -3. Suppose -d*j + 202 = -18. Is j composite?
True
Let s = 6 + -11. Let j(w) = -23*w - 4. Is j(s) prime?
False
Let l = -9 + 6. Is (-2)/l*1467/6 a composite number?
False
Let j = 160 + -396. Let u be (-9)/(-6)*j/3. Let c = -41 - u. Is c composite?
True
Suppose 5 = -g - 1. Let q be (-2)/(-6) + (-34)/g. Suppose -2*w - 40 = -q*w. Is w a prime number?
False
Let s(d) = -d**2 - d + 10. Let x(h) = h**3 - 5*h**2 - h + 5. Let o be x(5). Is s(o) a composite number?
True
Let i(f) = 19*f**2 + 4*f - 2. Let j be i(-4). Let m = j + 254. Is (-2)/7 - m/(-28) a composite number?
False
Let s be 26/(-7) - 2/7. Let i be ((-66)/(-10))/(s/(-20)). Suppose 0 = 3*n + 2*v - 111, n - 11 = -3*v + i. Is n a composite number?
True
Let o be 1 - 4*1/(-2). Is 5*o*(-446)/(-30) a composite number?
False
Let f = 711 - 390. Is f a prime number?
False
Suppose q + 67 = 2*q + 5*u, -5*q + 5*u = -215. Let h be 1 + -2 + 3 - -2. Let c = q + h. Is c composite?
True
Let l(x) = x. Let s be l(-2). Is s/8 + 5810/40 a prime number?
False
Let l(s) = -2*s**2 + 6*s + 5. Let w(z) = -5*z**2 + 18*z + 15. Let q(k) = 8*l(k) - 3*w(k). Is q(-4) a composite number?
False
Suppose -2*b + 0*d = -4*d - 1590, 2*b - 1605 = d. Suppose 2*l = 5*s - 0*l - 825, -5*s + b = 2*l. Is s a prime number?
True
Suppose -3885 - 311 = -4*s. Is s composite?
False
Let z(r) = -167*r. Is z(-5) prime?
False
Is 165/(-6)*12/(-10) a composite number?
True
Let j = 103 + 83. Suppose 3*m = 243 + j. Is m composite?
True
Suppose -8*m = 5*m - 11557. Is m prime?
False
Let o(y) = 34*y - 3. Let p(d) = -d**3 + 12*d**2 - 10*d - 7. Let z be p(11). Is o(z) composite?
True
Let w(j) = 8*j**3 + 4. Let s be w(5). Suppose 0 = 4*h - 2*h - s. Suppose 0 = -4*b + 3*o - o + h, 5*b - 4*o = 623. Is b a prime number?
True
Suppose 2*q - r = 244, -4*q - 3*r + 129 = -3*q. Is q a composite number?
True
Let v be 1217/4 + (-3)/12. Suppose -5*s - v = 501. Is -2 - -2 - (s - 0) prime?
False
Let u(w) = 36*w + 59. Is u(23) a composite number?
False
Suppose 0 = 2*n + 5*z - 103, 3*n - 130 = -4*z + 14. Let u = 81 - n. Is u a composite number?
False
Suppose 0 = 9*y - 8*y - 649. Is y prime?
False
Suppose v + 981 = 4*v. Is v a composite number?
True
Let o be ((-6)/(-2))/(3/2). Suppose 0 = o*q - 3*q + 2. Is 1*q + (-51)/(-1) prime?
True
Let f = -11 - -15. Suppose 22 + 8 = g. Suppose g = -2*i + f*i. Is i a composite number?
True
Let v(j) be the second derivative of j**4/2 - j**3/6 - j. Let r(d) = d**3 - 9*d**2 + 7*d + 7. Let m be r(8). Is v(m) prime?
True
Let h be 12174/4 + 8/16. Is h/8 - 3/2 composite?
False
Suppose 2 = -2*u, 0 = c - 4*u - 1 - 5. Suppose 0 = 2*n - 2*j - 40, 3*n + c*n + 3*j = 116. Is n composite?
True
Let g be 2/(-7) + 46/14. Suppose -g*l = 5*d - 113, d + 5*l + 0 = 5. Suppose -3 = 2*j - d. Is j prime?
True
Let t be -1 - (-1)/(-3 - -2). Is -2*(122/(-4) - t) a composite number?
True
Let k = 7 + -27. Let i = k - -30. Let h(x) = 4*x + 13. Is h(i) a composite number?
False
Suppose 3*g + 44 = -16. Let o be ((-11)/4)/(1/g). Let k = -2 + o. Is k prime?
True
Let y(t) = -4*t**2 + 2*t**2